s the value of (6 - (-15 + 18 + -9)) + (4 - 12)?
4
Calculate 1 + (29 + 0 - (-5 - -13)).
22
Evaluate (-16 - (9 - 10)) + 28 + 9.
22
Calculate (-22 + (8 - -12) - (-3 - -9)) + 36.
28
Calculate 1 - -7 - (24 + -17) - 5.
-4
What is the value of 22 + (1 - -6 - (20 - (-11 - -19)))?
17
-10 + (-6 + 1 - -15) - 2
-2
Evaluate (-11 - 6) + (18 - (7 - -7)).
-13
Calculate -6 + -23 + 12 + 4.
-13
What is 11 + (20 - (52 - 17))?
-4
Calculate 1 + -20 + (-996 - -1040).
25
13 + (5 - -16) + -12
22
Evaluate -24 + 11 - (-2 - (-6 - 2)).
-19
What is the value of 1 - ((4 + -1 - -6) + (2 - -5))?
-15
What is -17 + -15 + 19 - -11?
-2
Evaluate -13 - 1 - (-11 + 3 + 9).
-15
What is the value of (3 - (25 - 11)) + 0 + -4?
-15
3 - (15 - (0 + 3)) - -5
-4
Calculate -12 - (11 - 20 - -8).
-11
(-39 - -39) + 2 + 0 + 6
8
Evaluate 3 + (-1 + -2 - -2) + (-1023 - -1006).
-15
Evaluate -5 + (-2 - -3) - (-2 + (1 - -11)).
-14
What is -8 + (6 - (-9 - -1) - (8 + -2))?
0
Calculate -17 - (-46 - -11) - 15.
3
Evaluate (-9 - (2 + 0)) + (69 - 70).
-12
Calculate 3 + (-7 - -5 - -12) + -3.
10
Calculate (0 - (11 - 1)) + -120 + 111.
-19
What is the value of (-9 - 3) + -16 + 21 + 13?
6
What is 9 + (14 - 4) + -15?
4
Evaluate (6 + -25 - (1 + 6)) + -19 + 12.
-33
Evaluate -25 + 29 + -5 + 1.
0
Calculate -5 - (20 + -14) - -4.
-7
What is (-12 - -10) + -6 - 7?
-15
-11 + (2 - -8 - (-2 + 12))
-11
Calculate 2 + (-3 + 7 + -9 - -30) - 10.
17
Calculate 3 - 9 - (-20 + 3) - 1.
10
(0 - -10 - 9) + 3
4
What is the value of -19 - (2 + ((-3 - 0) + -5 - -7))?
-20
Evaluate (-1 - (-7 + -3)) + -18.
-9
What is the value of -31 + 34 - (3 + -29 + 4) - 11?
14
What is the value of -2 - -1 - -13 - (-708 - -708)?
12
Evaluate -5 + 0 + -4 + 72 + -62.
1
What is the value of 17 + -8 + 4 + -8?
5
1 - -4 - 3 - (-11 + 10 + 7)
-4
Evaluate 17 + (7 - 0 - 3) + -5.
16
Calculate (-97 - -90) + (-7 - 4).
-18
What is the value of 3 + (12 + -4 - 10 - 4)?
-3
What is the value of 3 + 19 + (-103 - -75)?
-6
Evaluate (-49 - 2) + 47 - (11 + 1 + -2).
-14
-11 - 6 - -31 - (2 - 3)
15
Evaluate -11 + -5 + -17 + 25.
-8
Calculate -1 + 8 - (7 + (-39 - -60)).
-21
-11 - ((8 - (18 + -3)) + 11)
-15
What is (46 - 55) + (0 - -3) + 1?
-5
Evaluate (4 + -23 - -53) + -30.
4
What is (-7 - 3 - 3) + 0 - -21?
8
17 - (11 + 9 + (-11 - 14))
22
Calculate -30 - (9 + -1 - (247 + -231)).
-22
What is the value of 1 - (6 + -2 + -1 + 0 + 0)?
-2
What is 30 + -4 - -1 - 16?
11
Calculate -13 + (14 - (9 + 13)) + -7.
-28
What is the value of -15 + 33 + -5 - 21?
-8
55 - 90 - (-15 - -2)
-22
Evaluate -1 + -22 - (141 - 157).
-7
Evaluate 6 + 2 - (-6 + -6 - -2 - -5).
13
-3 + (44 - 39) + -1
1
What is the value of (2 - (16 + -9)) + (3 - 0) + 1?
-1
Calculate 3 + -14 + 13 + -6.
-4
Evaluate 5 + -14 + 9 - -11.
11
21 + (-18 - -3 - -2)
8
12 + -3 + -8 + 3
4
Evaluate (-8 - -4) + (83 - 78) - (-23 + 1).
23
49 + -14 + (-5 - (7 - -4))
19
What is the value of 1 - (-2 + -5) - (9 + -5)?
4
Calculate (-39 - -47) + (-2 + 5 - -6).
17
10 - 3 - (1 + 2 + -8 + 28)
-16
What is 143 + -144 - (-3 + -26)?
28
What is -10 - (9 + -3 - 9) - 4?
-11
22 + 19 + (9 - 33)
17
What is 8 + -2 + (0 - -2) + 26 + -24?
10
What is the value of 24 + -5 - (6 - 4 - -6)?
11
What is 24 + -13 + -20 + 25?
16
(-5 + 5 - 1) + (-23 - -24)
0
What is -5 + 8 + -2 + 7 + -6 - 2?
0
What is the value of (-7 - 0) + 16 - (2 - -26)?
-19
What is the value of 16 + 18 + -3 + 10 + -11?
30
-7 + (-4 - -7 - 0) - (4 + -4)
-4
Evaluate 6 + -7 - (2 + 6 + -6).
-3
What is 1 + -9 + -6 + 19?
5
What is (-17 - 17) + (18 - 2) - (3 - -7)?
-28
Evaluate (12 - (18 - 9)) + 6 + -4 + -10.
-5
What is the value of (192 - 226) + (6 - (-1 + 2))?
-29
Calculate 4 + (-4 - (10 + -14)).
4
-11 + 14 + -22 + 16
-3
What is -89 + 99 + 1 + 0?
11
What is the value of (46 - 34) + (0 - (5 + -15)) - -3?
25
Evaluate 8 - (22 + -24) - 7.
3
-20 + (2 + 0 - (2 - 13 - -6))
-13
What is the value of (40 - (3 + 2) - (3 - 9)) + -11?
30
0 + 7 + (-8 - -5) - (-6 + 11)
-1
(1 - 16) + -1 + -15 + (-6 - -25)
-12
-16 + 2 + (278 - 256)
8
What is -6 + (-4 - (5 - 14)) + 11?
10
What is -117 + 113 + 1 + 13?
10
Evaluate (171 - 196) + 49 + -1.
23
What is the value of -11 + (21 - 10 - 17 - -6)?
-11
9 - (32 + -14) - -16
7
Evaluate -7 + 5 - (-7 + (15 + -1 - 2)).
-7
What is the value of -1 + -5 + 1 - (10 - (-11 - -22))?
-4
What is (5 - -1) + (-27 - -34 - (0 - -15))?
-2
What is -28 + 26 + 40 + -17?
21
What is the value of 2 + (2 - 4) - (3 - (-1 + -5))?
-9
What is -3 - (-13 - (-9 + -1) - 4)?
4
Calculate 25 + (3 - (-6 + 4)) + -11 + -4.
15
-7 - -40 - 30 - (1 + 18 - 3)
-13
-3 + (3 - (5 + -6)) - (-5 - -4)
2
Evaluate -5 - (-1 - -11 - (455 + -437)).
3
What is (-1 - -11) + (-22 - (33 + -56))?
11
Calculate -28 - (-2 + (0 - -10)) - -9.
-27
What is the value of (-90 - -75 - (-4 - (3 + 0))) + -9?
-17
What is -12 - 6 - -6 - -19?
7
What is the value of -26 - ((0 - 13) + (55 - 37))?
-31
-3 + 0 + 1 - (-61 + 49)
10
Evaluate (10 - (-63 - -23)) + -26.
24
Calculate 10 - -10 - 9 - (-3 + 2).
12
Calculate 2 + -5 + 9 - (1 + 1 + -1).
5
-4 - (8 - 4) - (-8 - -4)
-4
-20 - (9 - 0 - (136 - 124))
-17
Evaluate -7 + 22 + -16 + 10.
9
(-13 - (8 - (1 - -7))) + 6
-7
What is the value of 0 - -8 - (16 - 2)?
-6
Evaluate -9 - -2 - ((-13 - 2) + 8).
0
0 - (41 + -2 + -7) - -12
-20
What is 23 - (53 - (37 - 12))?
-5
Evaluate 13 + (4 - (5 + 6)).
6
-2 + 26 - (-30 + 43)
11
Evaluate (-48 - (-39 - -9)) + 46.
28
What is the value of (-10 - (-9 + 3)) + -4?
-8
Calculate 1 - -25 - (-45 - -90).
-19
Calculate (-12 - 15 - -5) + -1.
-23
(-8 - 2 - -18) + -2 + -4 + 2
4
Calculate -1 + 34 - (-18 - -23) - (8 + 1).
19
-7 - (4 - (-4 + -6))
-21
Calculate 0 + (-2 - 5) + (9 - 5 - -12).
9
32 - (-12 - (-18 + 6 + 1 + 0))
33
Evaluate (6 - -3) + -15 + -7 + -2.
-15
Calculate -31 + 26 + (-21 - (3 - 6)) + 2.
-21
Evaluate (4 - (4 - 12 - -12)) + 4 + -24.
-20
Evaluate (-17 - (-44 + 32)) + 1 + 8.
4
Evaluate 34 - 12 - (14 - -3).
5
-8 + 12 - (-2 - -8)
-2
Calculate (0 - 2) + -2 + -4 + 67 + -67.
-8
What is the value of (20 - -18) + 6 + -42?
2
What is 4 - (0 + 4) - (-5 - 5)?
10
What is 7 + (3 - 0 - (-8 + 11))?
7
Calculate -49 - (-41 + -31) - 4.
19
What is 26 + -50 - -25 - (3 - (0 + 4))?
2
What is the value of -60 - -22 - (-48 + -10)?
20
Evaluate -2 - (12 - (0 + 14)).
0
20 - ((0 - -9) + 15)
-4
Evaluate (7 - -6 - 10) + (25 - (8 - 4)).
24
What is the value of 1 - (18 - 1) - (916 + -906)?
-26
Calculate 3 + 20 - 6 - (-10 + 11) - 4.
12
Calculate 31 + -46 - 6 - -24.
3
Evaluate -5 - (-11 + 15 + -8).
-1
What is (-3 - (-4 + 10)) + 18 + -2 + -17?
-10
(-6 - 0) + (2 + 5 + -9 - 5)
-13
What is the value of -2 + 5 - (38 - 48) - (1 - -7)?
5
Evaluate (1 - 3) + 3 + 1 + -2.
0
What is 13 + (-32 - -34) + (-1 - -1)?
15
What is (-5 - 58) + 110 - (-1 - -17)?
31
(-2 - -36) + 5 - 55
-16
Calculate 10 + -21 + -2 + -4 + 12.
-5
Calculate 16 + 24 + -35 + (-6 - 1) + 1.
-1
Evaluate 17 + (-22 - (4 - 22)).
13
What is 3 + 0 + (-17 - -3) + (-21 - -30)?
-2
Calculate -1 + -4 + 9 - ((-13 - -2) + 11).
4
What is the value of -15 - (4 - (48 - 22))?
7
Evaluate (14 - 7) + (6 - (8 + -12 + 3)).
14
(15 - (-18 - -45)) + (14 - 2)
0
Evaluate (8 - 5) + (11 - 7).
7
Calculate -18 - -15 - (-4 - -10).
-9
Evaluate -175 + 159 + (0 - -16).
0
What is (-36 - (28 + -73)) + -16 + 2?
-5
Evaluate 6 + (28 + -21 - 28).
-15
Evaluate 20 + -16 + -21 - -11.
-6
Calculate -18 + -3 + 23 + -15.
-13
Evaluate 6 - 2 - (-2 - -9 - 0 - 8).
5
What is (-9 - (16 - -4)) + 3 + -2 - -2?
-26
Evaluate -152 - -157 - ((1 - -14) + -3).
-7
-229 - -255 - (11 - -3)
12
Calculate 2 + 30 - (47 + (22 - 53)).
16
What is -17 + (-8 - (24 - 25))?
-24
18 - (-3 - -13) - 3
5
8 + 3 + -3 - (8 + -43 - -27)
16
Evaluate 0 - (5 + -3 - (2 - 4 - 2)).
-6
Calculate -30 - (18 + -9 + -24).
-15
Evaluate -14 - -9 - (-5 + 2 + -19 + 2).
15
Calculate (14 + -4 - (25 + (-2 - 1))) + 1.
-11
Evaluate 5 - 5 - -2 - (207 - 176).
-29
What is the value of 9 + -14 - (-8 - -14)?
-11
What is 2 + (44 + -33 - (0 - -26))?
-13
Evaluate -1 + 10 + 8 - (10 - -5).
2
3 + (-8 - -6 - -18 - 5)
14
Evaluate (-1 - 5) + 57 + -58 + (0 - -9).
2
What is the value of 2004 - 1993 - (11 + -3 + 1)?
2
What is the value of (0 - 13 - (-15 - 9)) + 9?
20
(-1 + 22 - -8) + -11 + 6 + -3
21
What is the value of (-17 - -13) + (27 - 26 - (1 + 1))?
-5
-20 + 0 + 2 + (6 - -3)
-9
What is -17 + -4 + (1 - -24)?
4
Calculate 3 + -9 + -3 + 8 - (5 - -8).
-14
10 - (0 + -7 + -1 + 5)
13
Evaluate 12 + -36 - (-1 +